 the prime factors of 2422516?
2, 605629
List the prime factors of 59200.
2, 5, 37
List the prime factors of 703257.
3, 53, 4423
List the prime factors of 2768086.
2, 1384043
List the prime factors of 1429811.
1429811
What are the prime factors of 3341042?
2, 47, 35543
What are the prime factors of 8715696?
2, 3, 11, 17, 971
What are the prime factors of 876190?
2, 5, 7, 12517
List the prime factors of 923646.
2, 3, 153941
List the prime factors of 8568302.
2, 73, 58687
What are the prime factors of 2083981?
2083981
List the prime factors of 175852.
2, 43963
What are the prime factors of 1410725?
5, 73, 773
List the prime factors of 51217.
51217
List the prime factors of 794819.
79, 10061
What are the prime factors of 190688?
2, 59, 101
What are the prime factors of 572178?
2, 3, 47, 2029
List the prime factors of 578215.
5, 11, 10513
What are the prime factors of 143469?
3, 19, 839
List the prime factors of 1519298.
2, 11, 53, 1303
What are the prime factors of 1043521?
1043521
List the prime factors of 356356.
2, 7, 11, 13, 89
What are the prime factors of 249944?
2, 157, 199
List the prime factors of 1027785.
3, 5, 11, 6229
List the prime factors of 579120.
2, 3, 5, 19, 127
List the prime factors of 17842841.
17842841
What are the prime factors of 15892911?
3, 19, 92941
What are the prime factors of 18036612?
2, 3, 11, 37, 1231
What are the prime factors of 1379043?
3, 73, 2099
List the prime factors of 7819930.
2, 5, 41, 19073
What are the prime factors of 24159565?
5, 1109, 4357
List the prime factors of 805701.
3, 13, 73, 283
What are the prime factors of 1291805?
5, 29, 59, 151
What are the prime factors of 751391?
263, 2857
What are the prime factors of 509?
509
What are the prime factors of 975042?
2, 3, 19, 2851
List the prime factors of 54075.
3, 5, 7, 103
What are the prime factors of 2000158?
2, 281, 3559
List the prime factors of 72264.
2, 3, 3011
List the prime factors of 1067061.
3, 401, 887
List the prime factors of 162478.
2, 81239
What are the prime factors of 2190514?
2, 1095257
List the prime factors of 7617055.
5, 47, 32413
List the prime factors of 406215.
3, 5, 17, 59
What are the prime factors of 19011755?
5, 7, 73, 1063
What are the prime factors of 6053295?
3, 5, 403553
List the prime factors of 94825.
5, 3793
What are the prime factors of 8272140?
2, 3, 5, 137869
List the prime factors of 9968868.
2, 3, 7, 13, 17, 179
What are the prime factors of 155338?
2, 101, 769
List the prime factors of 239324.
2, 19, 47, 67
What are the prime factors of 158565?
3, 5, 11, 31
What are the prime factors of 6217063?
79, 78697
What are the prime factors of 302727?
3, 19, 47, 113
What are the prime factors of 462683?
13, 35591
What are the prime factors of 6414792?
2, 3, 23, 11621
List the prime factors of 13268825.
5, 530753
List the prime factors of 2654320.
2, 5, 33179
What are the prime factors of 4832?
2, 151
List the prime factors of 29370077.
11, 739, 3613
What are the prime factors of 10837?
10837
List the prime factors of 23943950.
2, 5, 478879
What are the prime factors of 971782?
2, 7, 41, 1693
What are the prime factors of 1117830?
2, 3, 5, 7, 5323
List the prime factors of 151503.
3, 11, 4591
List the prime factors of 21548480.
2, 5, 67339
List the prime factors of 2333748.
2, 3, 194479
List the prime factors of 112931.
7, 13, 17, 73
List the prime factors of 2330481.
3, 41, 18947
What are the prime factors of 33024745?
5, 13, 508073
What are the prime factors of 972217?
103, 9439
List the prime factors of 3239209.
937, 3457
What are the prime factors of 11279634?
2, 3, 1879939
What are the prime factors of 11907797?
11, 1082527
What are the prime factors of 5719903?
7, 31, 43, 613
List the prime factors of 715074.
2, 3, 119179
List the prime factors of 942104.
2, 117763
List the prime factors of 1848219.
3, 616073
List the prime factors of 968587.
89, 10883
List the prime factors of 758126.
2, 23, 16481
List the prime factors of 5678083.
71, 79973
What are the prime factors of 34429314?
2, 3, 37, 155087
What are the prime factors of 9533972?
2, 7, 19, 17921
List the prime factors of 170611.
7, 24373
List the prime factors of 756111.
3, 252037
List the prime factors of 11113764.
2, 3, 37, 25031
What are the prime factors of 1736998?
2, 101, 8599
What are the prime factors of 33678186?
2, 3, 5613031
What are the prime factors of 7931075?
5, 19, 59, 283
List the prime factors of 1728581.
1728581
What are the prime factors of 195604?
2, 79, 619
What are the prime factors of 9630976?
2, 17, 2213
What are the prime factors of 41283104?
2, 691, 1867
What are the prime factors of 16494978?
2, 3, 53, 51871
List the prime factors of 842468.
2, 11, 41, 467
What are the prime factors of 12523924?
2, 7, 347, 1289
List the prime factors of 182205.
3, 5, 4049
What are the prime factors of 8357039?
8357039
What are the prime factors of 13140?
2, 3, 5, 73
List the prime factors of 1187466.
2, 3, 7, 577
What are the prime factors of 1208028?
2, 3, 100669
What are the prime factors of 231492?
2, 3, 101, 191
What are the prime factors of 60217?
60217
What are the prime factors of 25856528?
2, 1616033
What are the prime factors of 260214?
2, 3, 31, 1399
List the prime factors of 83207.
83207
List the prime factors of 454602.
2, 3, 75767
List the prime factors of 734540.
2, 5, 19, 1933
What are the prime factors of 10107834?
2, 3, 11, 29, 5281
What are the prime factors of 453329?
453329
What are the prime factors of 3346694?
2, 13, 97, 1327
List the prime factors of 1442339.
41, 127, 277
List the prime factors of 7442885.
5, 1488577
List the prime factors of 296822.
2, 148411
List the prime factors of 615765.
3, 5, 41051
List the prime factors of 2950113.
3, 983371
What are the prime factors of 4816253?
13, 17, 19, 31, 37
What are the prime factors of 19872?
2, 3, 23
What are the prime factors of 93621?
3, 11, 2837
List the prime factors of 3567.
3, 29, 41
What are the prime factors of 249416?
2, 31177
What are the prime factors of 115270?
2, 5, 11527
What are the prime factors of 45659?
45659
What are the prime factors of 17105718?
2, 3, 7, 131, 3109
What are the prime factors of 4667496?
2, 3, 194479
List the prime factors of 171775.
5, 6871
What are the prime factors of 5512?
2, 13, 53
What are the prime factors of 490350?
2, 3, 5, 7, 467
List the prime factors of 934149.
3, 101, 3083
What are the prime factors of 168006?
2, 3, 28001
List the prime factors of 146791.
181, 811
List the prime factors of 29723754.
2, 3, 197, 25147
List the prime factors of 14015047.
14015047
List the prime factors of 5262139.
131, 40169
List the prime factors of 557383.
499, 1117
List the prime factors of 15865084.
2, 3966271
What are the prime factors of 4021315?
5, 101, 7963
What are the prime factors of 5672890?
2, 5, 67, 8467
What are the prime factors of 5214964?
2, 1303741
What are the prime factors of 16081921?
29, 97, 5717
What are the prime factors of 945618?
2, 3, 173, 911
What are the prime factors of 3031655?
5, 11, 5011
What are the prime factors of 1872846?
2, 3, 104047
What are the prime factors of 23446936?
2, 23, 61, 2089
What are the prime factors of 624413?
167, 3739
List the prime factors of 570818.
2, 269, 1061
List the prime factors of 2334220.
2, 5, 7, 16673
What are the prime factors of 2336672?
2, 13, 41, 137
List the prime factors of 1323174.
2, 3, 220529
List the prime factors of 617035.
5, 123407
What are the prime factors of 888936?
2, 3, 37039
What are the prime factors of 8948401?
7, 11, 251, 463
List the prime factors of 132659.
53, 2503
List the prime factors of 4902499.
7, 14293
List the prime factors of 5495262.
2, 3, 331, 2767
What are the prime factors of 5724719?
7, 11, 13, 19, 43
List the prime factors of 8315078.
2, 137, 30347
List the prime factors of 13748599.
509, 27011
What are the prime factors of 239580?
2, 3, 5, 11
What are the prime factors of 99878?
2, 49939
What are the prime factors of 784074?
2, 3, 17, 7687
What are the prime factors of 652014?
2, 3, 11, 37, 89
List the prime factors of 2646884.
2, 661721
What are the prime factors of 12210757?
13, 72253
What are the prime factors of 178373?
13, 13721
List the prime factors of 9903914.
2, 79, 62683
List the prime factors of 1520697.
3, 506899
List t